
Let t(f) = 13*f. Let m be 0 - -1 - 0/1. Let r be t(m). Calculate the greatest common divisor of r and 117.
13
Let v(i) = -i**3 + 20*i**2 + i - 14. Let c be v(20). Calculate the highest common factor of 4 and c.
2
Let b = -42 + 55. What is the greatest common factor of b and 13?
13
Suppose 3*u - y - 35 = y, u + 5*y - 23 = 0. Let n be (-18)/(-15)*(-520)/(-12). What is the greatest common factor of n and u?
13
Suppose 72 = -0*r + 2*r. What is the greatest common factor of 9 and r?
9
Suppose -q + 5*q + 3*r = 71, 5*r + 95 = 4*q. Calculate the highest common divisor of 90 and q.
10
Let v(h) = -6*h - 1. Let u = -3 + 0. Let q be v(u). Let d = q + 39. Calculate the highest common divisor of 14 and d.
14
Suppose 0*b - 16 = -b. Calculate the highest common divisor of 40 and b.
8
Let l be 10 + -5 + (-8)/(-4). Let f(r) = 5*r + 13. Let v be f(l). What is the greatest common divisor of v and 32?
16
Suppose -22 - 134 = z. Let i be (10/(-3))/(2/z). Suppose 3*a = 2*w + 195, 2*a + 2*a - 2*w - i = 0. Calculate the highest common divisor of 26 and a.
13
Let q = 96 - 55. Let h = 69 - q. Suppose -5*b + 366 = 4*m, 0*m - 136 = -2*b + m. What is the greatest common divisor of b and h?
14
Suppose f - 5*o = -2*o + 30, o = 4*f - 65. Suppose 0 = 2*u + u - f. Suppose z + 2*g = 0, -u*g = 2*z - 2 + 6. Calculate the greatest common divisor of z and 4.
4
Let j = 18 - -20. Calculate the greatest common factor of 57 and j.
19
Let z be 4/6*(28 - -11). Calculate the highest common factor of z and 130.
26
Let v = 1 + 2. Suppose -2*x + 30 = -7*x. Let l = 7 + x. What is the highest common factor of v and l?
1
Suppose 0 = -5*q - 0*y - 4*y + 78, -4*y = 2*q - 36. Calculate the greatest common factor of q and 98.
14
Let d = -8 - -11. Let z(h) = h**3 + h + 5. Let f be z(0). Let k = f - d. Calculate the greatest common divisor of k and 2.
2
Let q(z) = 10*z + 1. Let y(d) = d + 1. Let h(r) = q(r) - 5*y(r). Let f be h(4). What is the greatest common factor of f and 128?
16
Let t(y) be the first derivative of 7/3*y**3 - y + 0*y**2 + 2. Let v be t(1). What is the highest common factor of 9 and v?
3
Let y = 354 + -224. Calculate the greatest common factor of 26 and y.
26
Suppose -4*m + 6 = -j, m = -4*m. Let t(i) = -i**2 - 8*i - 4. Let g be t(j). Suppose 0*p - 2*p = -g. Calculate the greatest common factor of p and 4.
4
Let v(f) = 38*f - 26. Let n(s) = 13*s - 9. Let j(h) = 17*n(h) - 6*v(h). Let t be j(-9). What is the highest common factor of 6 and t?
6
Suppose -4*d + 0*d - 4*o = 96, -24 = d + 4*o. Let u = -11 - d. Calculate the highest common factor of u and 117.
13
Let g be (8/(-16))/(2/(-16)). Suppose 4*k - 520 = 2*h, -4*k - g*h = -319 - 225. What is the greatest common factor of k and 12?
12
Suppose 0 = -3*m - 2*t + 147, 2*m - 111 = -0*m + 3*t. What is the greatest common divisor of m and 255?
51
Let r be 2 - (1 + 2 - 37). What is the greatest common divisor of 396 and r?
36
Let j = 7 + -3. Suppose -5*g + 4 = k, 0 = -g - 0*k + 3*k - 12. Suppose g = m - 4*m + 96. What is the greatest common divisor of j and m?
4
Let j = 112 - 94. Let x be 7*48*6/28. What is the greatest common factor of j and x?
18
Let y = -11 - -19. Calculate the greatest common divisor of y and 20.
4
Let z be -1 + 2 + -1 - -2. Let t(w) = w - 4*w - w - z + 2*w. Let s be t(-4). What is the greatest common divisor of 3 and s?
3
Suppose 3*l - 6 = 3. Suppose l*d = -d + 16. Let p be (-2)/d*3*-6. What is the highest common divisor of 99 and p?
9
Let l = -78 + 123. Suppose 0 = -5*r - 5*m + l, -5*r + 2*m + 59 = -0*m. Let c = 4 + r. What is the greatest common factor of 105 and c?
15
Let n(q) = q + 4. Let i be n(0). Suppose -5*t = 3*y - 205, y - 2*y + 80 = i*t. Calculate the greatest common divisor of 15 and y.
15
Suppose -4*c = -5*d + 24, 19 = 4*c + 3. What is the highest common factor of 56 and d?
8
Let b = 6 + -3. Suppose -b*k + 6 = -k. What is the greatest common factor of 6 and k?
3
Suppose -g + 4*c + 159 = 0, -2*c = 3*g - 185 - 292. What is the highest common factor of g and 106?
53
Let l(f) = f**3 - 9*f**2 + 7*f - 18. Let m be l(10). Calculate the highest common divisor of m and 38.
38
Let q = 130 - 121. Let r be (-12)/(-8)*48*1. What is the highest common factor of q and r?
9
Suppose 4*t - 5*t + 223 = -j, -2*t - 4*j + 476 = 0. What is the highest common divisor of 12 and t?
12
Let r be (-4)/6*4*-3. Let h = 18 - r. What is the highest common divisor of 110 and h?
10
Let b = 156 + 87. Let a be (-9)/6 - b/(-6). What is the greatest common factor of a and 13?
13
Let j(o) = -o - 10. Let k be j(-12). Suppose w = k*w - 126. Let r = -20 + 34. What is the highest common factor of w and r?
14
Let u = 8 - 0. What is the greatest common factor of u and 8?
8
Let h = -19 - -22. What is the greatest common factor of 1 and h?
1
Suppose 5*k = -0*k + 20. Suppose -n = k*c - c + 21, -2*n = -5*c + 20. Let d be (-474)/n - 2/(-5). What is the highest common divisor of d and 48?
16
Suppose -y = s + 3*y, 2*s - 5*y = 39. Calculate the highest common divisor of s and 48.
12
Let g = 62 + -41. Suppose -2*r - 7 + 27 = 0. Let p = g - r. What is the highest common factor of p and 55?
11
Let v = 100 + -52. Suppose -12*q = -13*q. Let i = q + 6. Calculate the greatest common factor of v and i.
6
Suppose -1 = -o + 3. Suppose 4*s + m = -4*m + 105, -138 = -5*s - o*m. What is the highest common factor of 6 and s?
6
Suppose 3*u = 4*u - 20. Calculate the greatest common factor of u and 30.
10
Let j(l) = 8*l**3 - 4*l + 4. Let t be j(3). Calculate the highest common divisor of t and 26.
26
Suppose z + i - 20 = 0, 0*z = -3*z - 2*i + 55. What is the highest common factor of z and 6?
3
Let q be 129 + 1 + 9/3. What is the greatest common divisor of q and 38?
19
Suppose -2*f = f - 15. Suppose 3*i - 8 = -2*x + 5*i, 1 = 2*x + f*i. Suppose -x*r + 0*a = -3*a, 2*r - 5*a = -9. What is the highest common factor of 21 and r?
3
Let d = -105 + 204. Let v be -3 + (0 + -4 - -16). What is the greatest common divisor of v and d?
9
Let u be (-4 + -2 + -4)*13/(-2). What is the greatest common divisor of u and 13?
13
Let c = 8 + 0. Let x(s) = -s**2 + 10*s + 11. Let j = -7 - -16. Let n be x(j). What is the highest common divisor of n and c?
4
Suppose 2*l + 36 = 4*l. Calculate the greatest common divisor of l and 72.
18
Let x(i) = i**2 - 4*i - 7. Let s be x(6). Let g = 13 - s. What is the highest common divisor of g and 88?
8
Let l = 1 - -1. Suppose 31 - 13 = -l*j. Let d(z) = -z - 1. Let s be d(j). What is the highest common factor of s and 56?
8
Suppose -4*d + 1340 = -4*h, 650 = d + d + 2*h. Suppose -5*k = -2*k - d. What is the greatest common divisor of k and 22?
22
Suppose 0 = 4*s - 107 - 629. What is the highest common divisor of s and 23?
23
Suppose 6 - 606 = -5*d. Calculate the highest common divisor of d and 30.
30
Let p be ((-8)/(-4))/((-4)/(-6)). Suppose -28 = -p*z + 20. What is the greatest common divisor of z and 144?
16
Let s be (2 - 60/18)*(-246)/4. What is the highest common divisor of 123 and s?
41
Suppose 0 = 2*r - 8. Calculate the highest common factor of 12 and r.
4
Let l = -50 + 149. What is the highest common divisor of 9 and l?
9
Let g = 176 + -33. What is the greatest common divisor of 13 and g?
13
Suppose -1350 = -2*f - 0*f. Suppose -4*d + f = 171. Calculate the greatest common factor of d and 14.
14
Let q(n) = -n**3 + 6*n**2 - 4*n + 2. Let v be q(4). Calculate the highest common divisor of v and 126.
18
Suppose 6*k = k + 55. Suppose p - k = -3. What is the highest common divisor of 4 and p?
4
Let f(w) = 17*w**2 - 1. Let k be f(-1). Suppose 4*m - 2*p = 156, m + 0*p = -5*p + 50. Calculate the highest common factor of m and k.
8
Suppose a - 71 = -3*o - 4*a, -a - 65 = -3*o. Let d = o + -16. Let r be 1/(-1) - (-20)/2. What is the highest common divisor of r and d?
3
Let t be ((-11)/22)/((-1)/24). Let j(i) = -3*i - 7. Let f be j(-3). What is the greatest common divisor of f and t?
2
Let q(h) = -h**2 + 14*h + 18. Let g be q(15). What is the highest common factor of g and 3?
3
Let y(g) = g**2 - 9*g**3 - 8*g**3 + 2*g - g. Let x be y(-1). Let z(t) = 12*t**2 - 11*t - 22. Let i be z(-3). Calculate the highest common factor of i and x.
17
Let x(q) = q - 1. Let c be x(5). Suppose -j - c*p = 2*j, -5*j = -5*p. Let u be (j + 60)*(-24)/(-16). What is the highest common factor of 10